{"id":36,"date":"2024-04-25T09:14:30","date_gmt":"2024-04-25T07:14:30","guid":{"rendered":"https:\/\/www.karvalan.com\/?page_id=36"},"modified":"2024-05-02T11:47:49","modified_gmt":"2024-05-02T09:47:49","slug":"sobre-nosotros","status":"publish","type":"page","link":"https:\/\/www.karvalan.com\/?page_id=36","title":{"rendered":"Sobre nosotros"},"content":{"rendered":"<p>[vc_row height=\u00bbhuge\u00bb us_bg_image_source=\u00bbmedia\u00bb us_bg_image=\u00bb236&#8243; us_bg_overlay_color=\u00bbrgba(0,0,0,0.60)\u00bb us_shape_show_bottom=\u00bb1&#8243; us_shape_bottom=\u00bbtriangle\u00bb us_shape_height_bottom=\u00bb3rem\u00bb us_shape_color_bottom=\u00bb#F5F5F5&#8243; css=\u00bb%7B%22default%22%3A%7B%22background-color%22%3A%22rgba%280%2C0%2C0%2C0.1%29%22%2C%22background-image%22%3A%2241%22%2C%22background-position%22%3A%2250%25%22%2C%22background-size%22%3A%22cover%22%7D%7D\u00bb][vc_column link=\u00bb%7B%22url%22%3A%22%22%7D\u00bb][vc_row_inner content_placement=\u00bbmiddle\u00bb][vc_column_inner link=\u00bb%7B%22url%22%3A%22%22%7D\u00bb width=\u00bb1\/6&#8243;][\/vc_column_inner][vc_column_inner link=\u00bb%7B%22url%22%3A%22%22%7D\u00bb css=\u00bb%7B%22default%22%3A%7B%22animation-name%22%3A%22afr%22%2C%22animation-delay%22%3A%22150ms%22%7D%7D\u00bb width=\u00bb2\/3&#8243;][vc_column_text css=\u00bb%7B%22default%22%3A%7B%22color%22%3A%22%23ffffff%22%7D%7D\u00bb]<\/p>\n<h1 style=\"text-align: center;\">Conoce nuestra <span style=\"color: #89dbf0;\">trayectoria<\/span>.<\/h1>\n<p>[\/vc_column_text][\/vc_column_inner][vc_column_inner link=\u00bb%7B%22url%22%3A%22%22%7D\u00bb width=\u00bb1\/6&#8243;][\/vc_column_inner][\/vc_row_inner][us_separator size=\u00bbsmall\u00bb][vc_row_inner content_placement=\u00bbmiddle\u00bb][vc_column_inner width=\u00bb1\/4&#8243;][\/vc_column_inner][vc_column_inner width=\u00bb1\/2&#8243;][us_hwrapper alignment=\u00bbcenter\u00bb css=\u00bb%7B%22default%22%3A%7B%22animation-name%22%3A%22afb%22%2C%22animation-delay%22%3A%22150ms%22%7D%7D\u00bb][us_btn label=\u00bbNuestros servicios\u00bb link=\u00bb%7B%22url%22%3A%22%2Fservicios%22%7D\u00bb][us_btn label=\u00bbContacto\u00bb link=\u00bb%7B%22url%22%3A%22%2Fcontacto%22%7D\u00bb style=\u00bb2&#8243;][\/us_hwrapper][\/vc_column_inner][vc_column_inner width=\u00bb1\/4&#8243;][\/vc_column_inner][\/vc_row_inner][\/vc_column][\/vc_row][vc_row content_placement=\u00bbmiddle\u00bb css=\u00bb%7B%22default%22%3A%7B%22background-color%22%3A%22%23f5f5f5%22%7D%7D\u00bb][vc_column link=\u00bb%7B%22url%22%3A%22%22%7D\u00bb css=\u00bb%7B%22default%22%3A%7B%22animation-name%22%3A%22afl%22%2C%22animation-delay%22%3A%22150ms%22%7D%7D\u00bb width=\u00bb7\/12&#8243;][vc_row_inner css=\u00bb%7B%22default%22%3A%7B%22margin-right%22%3A%220%22%2C%22padding-right%22%3A%220%22%2C%22border-radius%22%3A%225%25%22%2C%22border-style%22%3A%22dashed%22%2C%22border-right-width%22%3A%223px%22%2C%22border-color%22%3A%22%231890cc%22%7D%2C%22laptops%22%3A%7B%22border-radius%22%3A%225%25%22%2C%22border-style%22%3A%22dashed%22%2C%22border-right-width%22%3A%223px%22%2C%22border-color%22%3A%22%231890cc%22%7D%2C%22tablets%22%3A%7B%22border-radius%22%3A%225%25%22%2C%22border-style%22%3A%22dashed%22%2C%22border-right-width%22%3A%223px%22%2C%22border-color%22%3A%22%231890cc%22%7D%2C%22mobiles%22%3A%7B%22border-radius%22%3A%225%25%22%2C%22border-style%22%3A%22none%22%2C%22border-right-width%22%3A%223px%22%2C%22border-color%22%3A%22%23801a1a%22%7D%7D\u00bb][vc_column_inner][vc_custom_heading text=\u00bb\u00bfQui\u00e9nes somos?\u00bb font_container=\u00bbtag:p|text_align:left\u00bb use_theme_fonts=\u00bbyes\u00bb css=\u00bb%7B%22default%22%3A%7B%22color%22%3A%22%23015D8F%22%2C%22text-transform%22%3A%22uppercase%22%2C%22margin-bottom%22%3A%22-20px%22%7D%7D\u00bb][vc_custom_heading text=\u00bbSobre nosotros\u00bb use_theme_fonts=\u00bbyes\u00bb css=\u00bb%7B%22default%22%3A%7B%22font-size%22%3A%222.8rem%22%7D%2C%22laptops%22%3A%7B%22font-size%22%3A%223.4rem%22%7D%2C%22tablets%22%3A%7B%22font-size%22%3A%223.3rem%22%7D%2C%22mobiles%22%3A%7B%22font-size%22%3A%222.2rem%22%7D%7D\u00bb][vc_column_text css=\u00bb%7B%22default%22%3A%7B%22font-size%22%3A%221.1rem%22%7D%7D\u00bb]En <strong>Karvalan Logistics SL<\/strong>, nos enorgullece ser l\u00edderes en el sector de almacenamiento y actividades anexas al transporte. Fundada en 2019 en la localidad de Villanueva Del Pardillo, Madrid, nuestra empresa ha crecido hasta convertirse en una opci\u00f3n confiable y de confianza para clientes de todo el pa\u00eds.<\/p>\n<h3>Nuestra Misi\u00f3n<\/h3>\n<p>Nuestra misi\u00f3n es proporcionar soluciones log\u00edsticas integrales que impulsen el \u00e9xito de nuestros clientes. Nos esforzamos por ofrecer servicios de almacenamiento y transporte que sean eficientes, seguros y adaptados a las necesidades espec\u00edficas de cada cliente.<\/p>\n<h3>Compromiso con la Excelencia<\/h3>\n<p>En Karvalan Logistics SL, nos comprometemos a mantener los m\u00e1s altos est\u00e1ndares de calidad en todo lo que hacemos. Nuestro equipo est\u00e1 formado por profesionales altamente capacitados y dedicados que trabajan incansablemente para garantizar la satisfacci\u00f3n del cliente en cada paso del proceso.[\/vc_column_text][\/vc_column_inner][\/vc_row_inner][\/vc_column][vc_column width=\u00bb5\/12&#8243;][vc_row_inner][vc_column_inner width=\u00bb1\/12&#8243;][\/vc_column_inner][vc_column_inner width=\u00bb10\/12&#8243;][us_image image=\u00bb49&#8243; has_ratio=\u00bb1&#8243; align=\u00bbright\u00bb style=\u00bbshadow-1&#8243; link=\u00bb%7B%22url%22%3A%22%22%7D\u00bb css=\u00bb%7B%22default%22%3A%7B%22border-radius%22%3A%222rem%22%2C%22animation-name%22%3A%22afl%22%2C%22animation-delay%22%3A%22150ms%22%7D%7D\u00bb][\/vc_column_inner][vc_column_inner width=\u00bb1\/12&#8243;][\/vc_column_inner][\/vc_row_inner][\/vc_column][\/vc_row][vc_row width=\u00bbcustom\u00bb height=\u00bbsmall\u00bb css=\u00bb%7B%22default%22%3A%7B%22background-color%22%3A%22_content_secondary%22%2C%22animation-name%22%3A%22fade%22%2C%22animation-delay%22%3A%22150ms%22%7D%7D\u00bb][vc_column][vc_column_text css=\u00bb%7B%22default%22%3A%7B%22color%22%3A%22%23ffffff%22%7D%7D\u00bb]<\/p>\n<h2 style=\"text-align: center;\">M\u00e1s sobre nosotros<\/h2>\n<p>[\/vc_column_text][us_separator][vc_row_inner gap=\u00bb20px\u00bb css=\u00bb%7B%22mobiles%22%3A%7B%22padding-left%22%3A%2225px%22%2C%22padding-right%22%3A%2225px%22%7D%7D\u00bb][vc_column_inner link=\u00bb%7B%22url%22%3A%22%22%7D\u00bb css=\u00bb%7B%22default%22%3A%7B%22background-color%22%3A%22%23ffffff%22%2C%22margin-bottom%22%3A%221rem%22%2C%22padding-left%22%3A%2225px%22%2C%22padding-top%22%3A%2235px%22%2C%22padding-bottom%22%3A%2235px%22%2C%22padding-right%22%3A%2225px%22%2C%22border-radius%22%3A%2225px%22%2C%22box-shadow-blur%22%3A%2215px%22%2C%22box-shadow-spread%22%3A%222px%22%2C%22box-shadow-color%22%3A%22rgba(26%2C26%2C26%2C0.20)%22%7D%7D\u00bb width=\u00bb1\/3&#8243;][us_counter final=\u00bb500&#8243; duration=\u00bb2s\u00bb color=\u00bbsecondary\u00bb title=\u00bbClientes Satisfechos\u00bb title_size=\u00bb1.5rem\u00bb title_tag=\u00bbh3&#8243;][\/vc_column_inner][vc_column_inner link=\u00bb%7B%22url%22%3A%22%22%7D\u00bb css=\u00bb%7B%22default%22%3A%7B%22background-color%22%3A%22%23ffffff%22%2C%22margin-bottom%22%3A%221rem%22%2C%22padding-left%22%3A%2225px%22%2C%22padding-top%22%3A%2235px%22%2C%22padding-bottom%22%3A%2235px%22%2C%22padding-right%22%3A%2225px%22%2C%22border-radius%22%3A%2225px%22%2C%22box-shadow-blur%22%3A%2215px%22%2C%22box-shadow-spread%22%3A%222px%22%2C%22box-shadow-color%22%3A%22rgba(26%2C26%2C26%2C0.20)%22%7D%7D\u00bb width=\u00bb1\/3&#8243;][us_counter initial=\u00bb1%\u00bb final=\u00bb90%\u00bb duration=\u00bb2s\u00bb color=\u00bbsecondary\u00bb title=\u00bb\u00cdndice de Retenci\u00f3n de Empleados\u00bb title_size=\u00bb1.5rem\u00bb title_tag=\u00bbh3&#8243;][\/vc_column_inner][vc_column_inner link=\u00bb%7B%22url%22%3A%22%22%7D\u00bb css=\u00bb%7B%22default%22%3A%7B%22background-color%22%3A%22%23ffffff%22%2C%22margin-bottom%22%3A%221rem%22%2C%22padding-left%22%3A%2225px%22%2C%22padding-top%22%3A%2235px%22%2C%22padding-bottom%22%3A%2235px%22%2C%22padding-right%22%3A%2225px%22%2C%22border-radius%22%3A%2225px%22%2C%22box-shadow-blur%22%3A%2215px%22%2C%22box-shadow-spread%22%3A%222px%22%2C%22box-shadow-color%22%3A%22rgba(26%2C26%2C26%2C0.20)%22%7D%7D\u00bb width=\u00bb1\/3&#8243;][us_counter final=\u00bb10000&#8243; duration=\u00bb2s\u00bb color=\u00bbsecondary\u00bb title=\u00bbVolumen Anual de Carga Manejada\u00bb title_size=\u00bb1.5rem\u00bb title_tag=\u00bbh3&#8243;][\/vc_column_inner][\/vc_row_inner][\/vc_column][\/vc_row][vc_row height=\u00bbsmall\u00bb content_placement=\u00bbmiddle\u00bb][vc_column][us_separator][vc_row_inner content_placement=\u00bbmiddle\u00bb][vc_column_inner width=\u00bb1\/2&#8243;][us_image image=\u00bb206&#8243; link=\u00bb%7B%22url%22%3A%22%22%7D\u00bb css=\u00bb%7B%22default%22%3A%7B%22border-radius%22%3A%221.5rem%22%2C%22animation-name%22%3A%22afb%22%2C%22animation-delay%22%3A%22250ms%22%7D%7D\u00bb][\/vc_column_inner][vc_column_inner link=\u00bb%7B%22url%22%3A%22%22%7D\u00bb css=\u00bb%7B%22default%22%3A%7B%22animation-name%22%3A%22afr%22%2C%22animation-delay%22%3A%22150ms%22%7D%7D\u00bb width=\u00bb1\/2&#8243;][us_iconbox icon=\u00bbfal|check-circle\u00bb link=\u00bb%7B%22url%22%3A%22%22%7D\u00bb title=\u00bbAmplia experiencia en el sector, servicio profesional y competitivo.\u00bb color=\u00bbsecondary\u00bb iconpos=\u00bbleft\u00bb alignment=\u00bbleft\u00bb][\/us_iconbox][us_separator][us_iconbox icon=\u00bbfal|check-circle\u00bb link=\u00bb%7B%22url%22%3A%22%22%7D\u00bb title=\u00bbFacilidad de adaptaci\u00f3n a las nuevas necesidades del mercado.\u00bb color=\u00bbsecondary\u00bb iconpos=\u00bbleft\u00bb alignment=\u00bbleft\u00bb][\/us_iconbox][us_separator][us_iconbox icon=\u00bbfal|check-circle\u00bb link=\u00bb%7B%22url%22%3A%22%22%7D\u00bb title=\u00bbTransporte de mercanc\u00edas peligrosas por todo el territorio espa\u00f1ol.\u00bb color=\u00bbsecondary\u00bb iconpos=\u00bbleft\u00bb alignment=\u00bbleft\u00bb][\/us_iconbox][us_separator size=\u00bbsmall\u00bb][us_btn label=\u00bbCont\u00e1ctanos ahora\u00bb link=\u00bb%7B%22url%22%3A%22%2Fcontacto%22%7D\u00bb style=\u00bb5&#8243; align=\u00bbright\u00bb icon=\u00bbfal|arrow-right\u00bb iconpos=\u00bbright\u00bb el_class=\u00bbbutton-arrow\u00bb][\/vc_column_inner][\/vc_row_inner][us_separator][\/vc_column][\/vc_row][vc_row content_placement=\u00bbmiddle\u00bb css=\u00bb%7B%22default%22%3A%7B%22background-color%22%3A%22rgba%28141%2C230%2C240%2C0.35%29%22%2C%22margin-left%22%3A%222rem%22%2C%22margin-top%22%3A%222rem%22%2C%22margin-bottom%22%3A%222rem%22%2C%22margin-right%22%3A%222rem%22%2C%22border-radius%22%3A%224rem%22%2C%22animation-name%22%3A%22afc%22%2C%22animation-delay%22%3A%22150ms%22%7D%2C%22laptops%22%3A%7B%22border-radius%22%3A%224rem%22%7D%2C%22tablets%22%3A%7B%22border-radius%22%3A%224rem%22%7D%2C%22mobiles%22%3A%7B%22border-radius%22%3A%222rem%22%7D%7D\u00bb][vc_column width=\u00bb1\/3&#8243;][vc_column_text]<\/p>\n<h2>Valores que nos han llevado a ser pioneros.<\/h2>\n<p>[\/vc_column_text][\/vc_column][vc_column width=\u00bb2\/3&#8243;][vc_row_inner content_placement=\u00bbmiddle\u00bb][vc_column_inner width=\u00bb1\/3&#8243;][us_iconbox icon=\u00bbfal|users\u00bb link=\u00bb%7B%22url%22%3A%22%22%7D\u00bb title=\u00bbTrato cercano y familiar\u00bb title_tag=\u00bbh3&#8243; color=\u00bbsecondary\u00bb size=\u00bb3rem\u00bb css=\u00bb%7B%22default%22%3A%7B%22background-color%22%3A%22_content_primary%22%2C%22padding-left%22%3A%221.5rem%22%2C%22padding-top%22%3A%221.5rem%22%2C%22padding-bottom%22%3A%221.5rem%22%2C%22padding-right%22%3A%221.5rem%22%2C%22border-radius%22%3A%221.5rem%22%2C%22animation-name%22%3A%22afl%22%2C%22animation-delay%22%3A%220.5s%22%7D%2C%22laptops%22%3A%7B%22border-radius%22%3A%221.5rem%22%7D%2C%22tablets%22%3A%7B%22border-radius%22%3A%221.5rem%22%7D%2C%22mobiles%22%3A%7B%22border-radius%22%3A%221rem%22%7D%7D\u00bb el_class=\u00bbvalores\u00bb]<a href=\"\/contacto\">Contr\u00e1tanos<\/a>[\/us_iconbox][\/vc_column_inner][vc_column_inner width=\u00bb1\/3&#8243;][us_iconbox icon=\u00bbfal|hand-holding-box\u00bb link=\u00bb%7B%22url%22%3A%22%22%7D\u00bb title=\u00bbServicios personalizados\u00bb title_tag=\u00bbh3&#8243; color=\u00bbsecondary\u00bb size=\u00bb3rem\u00bb css=\u00bb%7B%22default%22%3A%7B%22background-color%22%3A%22_content_primary%22%2C%22padding-left%22%3A%221.5rem%22%2C%22padding-top%22%3A%221.5rem%22%2C%22padding-bottom%22%3A%221.5rem%22%2C%22padding-right%22%3A%221.5rem%22%2C%22border-radius%22%3A%221.5rem%22%2C%22animation-name%22%3A%22afl%22%2C%22animation-delay%22%3A%22250ms%22%7D%2C%22laptops%22%3A%7B%22border-radius%22%3A%221.5rem%22%7D%2C%22tablets%22%3A%7B%22border-radius%22%3A%221.5rem%22%7D%2C%22mobiles%22%3A%7B%22border-radius%22%3A%221rem%22%7D%7D\u00bb el_class=\u00bbvalores\u00bb]<a href=\"\/contacto\">Contr\u00e1tanos<\/a>[\/us_iconbox][\/vc_column_inner][vc_column_inner width=\u00bb1\/3&#8243;][us_iconbox icon=\u00bbfal|leaf-heart\u00bb link=\u00bb%7B%22url%22%3A%22%22%7D\u00bb title=\u00bbCompromiso ambiental s\u00f3lido\u00bb title_tag=\u00bbh3&#8243; color=\u00bbsecondary\u00bb size=\u00bb3rem\u00bb css=\u00bb%7B%22default%22%3A%7B%22background-color%22%3A%22_content_primary%22%2C%22padding-left%22%3A%221.5rem%22%2C%22padding-top%22%3A%221.5rem%22%2C%22padding-bottom%22%3A%221.5rem%22%2C%22padding-right%22%3A%221.5rem%22%2C%22border-radius%22%3A%221.5rem%22%2C%22animation-name%22%3A%22afl%22%7D%2C%22laptops%22%3A%7B%22border-radius%22%3A%221.5rem%22%7D%2C%22tablets%22%3A%7B%22border-radius%22%3A%221.5rem%22%7D%2C%22mobiles%22%3A%7B%22border-radius%22%3A%221rem%22%7D%7D\u00bb el_class=\u00bbvalores\u00bb]<a href=\"\/contacto\">Contr\u00e1tanos<\/a>[\/us_iconbox][\/vc_column_inner][\/vc_row_inner][\/vc_column][\/vc_row][vc_row css=\u00bb%7B%22default%22%3A%7B%22background-color%22%3A%22%23f5f5f5%22%7D%7D\u00bb][vc_column link=\u00bb%7B%22url%22%3A%22%22%7D\u00bb css=\u00bb%7B%22default%22%3A%7B%22animation-name%22%3A%22afb%22%2C%22animation-delay%22%3A%22150ms%22%7D%7D\u00bb width=\u00bb1\/2&#8243;][vc_column_text]<\/p>\n<h2>Cont\u00e1ctanos<\/h2>\n<p>\u00bfTienes alguna pregunta o comentario? \u00a1No dudes en ponerte en contacto con nosotros! Completa el formulario a continuaci\u00f3n o utiliza la informaci\u00f3n de contacto proporcionada para comunicarte con nuestro equipo.[\/vc_column_text][us_separator][us_iconbox icon=\u00bbfas|phone\u00bb link=\u00bb%7B%22url%22%3A%22tel%3A%2B34911138016%22%7D\u00bb title=\u00bb+34 911 13 80 16&#8243; title_size=\u00bb1.2rem\u00bb title_tag=\u00bbp\u00bb size=\u00bb1.5rem\u00bb iconpos=\u00bbleft\u00bb alignment=\u00bbleft\u00bb][\/us_iconbox][us_separator size=\u00bbsmall\u00bb][us_iconbox icon=\u00bbfas|envelope\u00bb link=\u00bb%7B%22url%22%3A%22%22%7D\u00bb size=\u00bb1.5rem\u00bb iconpos=\u00bbleft\u00bb alignment=\u00bbleft\u00bb css=\u00bb%7B%22default%22%3A%7B%22font-size%22%3A%221.2rem%22%7D%7D\u00bb]<a href=\"mailto:operaciones@karvalan.com\">operaciones@karvalan.com<\/a><\/p>\n<p><a href=\"mailto:operaciones.bcn@karvalan.com\">operaciones.bcn@karvalan.com<\/a>[\/us_iconbox][us_separator size=\u00bbsmall\u00bb][us_iconbox icon=\u00bbfas|home\u00bb link=\u00bb%7B%22url%22%3A%22%22%7D\u00bb title=\u00bbC. de Colibr\u00edes, 428320 Pinto, Madrid\u00bb title_size=\u00bb1.2rem\u00bb title_tag=\u00bbp\u00bb size=\u00bb1.5rem\u00bb iconpos=\u00bbleft\u00bb alignment=\u00bbleft\u00bb][\/us_iconbox][us_separator size=\u00bbsmall\u00bb][us_iconbox icon=\u00bbfas|clock\u00bb link=\u00bb%7B%22url%22%3A%22%22%7D\u00bb title=\u00bbLunes \u2013 viernes 9:30H \u2013 18:30H\u00bb title_size=\u00bb1.2rem\u00bb title_tag=\u00bbp\u00bb size=\u00bb1.5rem\u00bb iconpos=\u00bbleft\u00bb alignment=\u00bbleft\u00bb][\/us_iconbox][\/vc_column][vc_column link=\u00bb%7B%22url%22%3A%22%22%7D\u00bb css=\u00bb%7B%22default%22%3A%7B%22background-color%22%3A%22%23ffffff%22%2C%22padding-top%22%3A%2255px%22%2C%22padding-bottom%22%3A%2255px%22%2C%22border-radius%22%3A%221rem%22%2C%22box-shadow-blur%22%3A%2210px%22%2C%22box-shadow-spread%22%3A%227px%22%2C%22box-shadow-color%22%3A%22rgba%28232%2C232%2C232%2C0.50%29%22%2C%22animation-name%22%3A%22afb%22%2C%22animation-delay%22%3A%22150ms%22%7D%7D\u00bb width=\u00bb1\/2&#8243;][vc_custom_heading text=\u00bb\u00bfNecesitas m\u00e1s informaci\u00f3n?\u00bb font_container=\u00bbtag:h3|text_align:left\u00bb use_theme_fonts=\u00bbyes\u00bb][contact-form-7 id=\u00bb7&#8243;][\/vc_column][\/vc_row]<\/p>\n","protected":false},"excerpt":{"rendered":"<p>[vc_row height=\u00bbhuge\u00bb us_bg_image_source=\u00bbmedia\u00bb us_bg_image=\u00bb236&#8243; us_bg_overlay_color=\u00bbrgba(0,0,0,0.60)\u00bb us_shape_show_bottom=\u00bb1&#8243; us_shape_bottom=\u00bbtriangle\u00bb us_shape_height_bottom=\u00bb3rem\u00bb us_shape_color_bottom=\u00bb#F5F5F5&#8243; css=\u00bb%7B%22default%22%3A%7B%22background-color%22%3A%22rgba%280%2C0%2C0%2C0.1%29%22%2C%22background-image%22%3A%2241%22%2C%22background-position%22%3A%2250%25%22%2C%22background-size%22%3A%22cover%22%7D%7D\u00bb][vc_column link=\u00bb%7B%22url%22%3A%22%22%7D\u00bb][vc_row_inner content_placement=\u00bbmiddle\u00bb][vc_column_inner link=\u00bb%7B%22url%22%3A%22%22%7D\u00bb width=\u00bb1\/6&#8243;][\/vc_column_inner][vc_column_inner link=\u00bb%7B%22url%22%3A%22%22%7D\u00bb css=\u00bb%7B%22default%22%3A%7B%22animation-name%22%3A%22afr%22%2C%22animation-delay%22%3A%22150ms%22%7D%7D\u00bb width=\u00bb2\/3&#8243;][vc_column_text css=\u00bb%7B%22default%22%3A%7B%22color%22%3A%22%23ffffff%22%7D%7D\u00bb] Conoce nuestra [&hellip;]<\/p>\n","protected":false},"author":1,"featured_media":0,"parent":0,"menu_order":0,"comment_status":"closed","ping_status":"closed","template":"","meta":{"site-sidebar-layout":"default","site-content-layout":"","ast-site-content-layout":"default","site-content-style":"default","site-sidebar-style":"default","ast-global-header-display":"","ast-banner-title-visibility":"","ast-main-header-display":"","ast-hfb-above-header-display":"","ast-hfb-below-header-display":"","ast-hfb-mobile-header-display":"","site-post-title":"","ast-breadcrumbs-content":"","ast-featured-img":"","footer-sml-layout":"","theme-transparent-header-meta":"","adv-header-id-meta":"","stick-header-meta":"","header-above-stick-meta":"","header-main-stick-meta":"","header-below-stick-meta":"","astra-migrate-meta-layouts":"default","ast-page-background-enabled":"default","ast-page-background-meta":{"desktop":{"background-color":"var(--ast-global-color-5)","background-image":"","background-repeat":"repeat","background-position":"center center","background-size":"auto","background-attachment":"scroll","background-type":"","background-media":"","overlay-type":"","overlay-color":"","overlay-opacity":"","overlay-gradient":""},"tablet":{"background-color":"","background-image":"","background-repeat":"repeat","background-position":"center center","background-size":"auto","background-attachment":"scroll","background-type":"","background-media":"","overlay-type":"","overlay-color":"","overlay-opacity":"","overlay-gradient":""},"mobile":{"background-color":"","background-image":"","background-repeat":"repeat","background-position":"center center","background-size":"auto","background-attachment":"scroll","background-type":"","background-media":"","overlay-type":"","overlay-color":"","overlay-opacity":"","overlay-gradient":""}},"ast-content-background-meta":{"desktop":{"background-color":"var(--ast-global-color-4)","background-image":"","background-repeat":"repeat","background-position":"center center","background-size":"auto","background-attachment":"scroll","background-type":"","background-media":"","overlay-type":"","overlay-color":"","overlay-opacity":"","overlay-gradient":""},"tablet":{"background-color":"var(--ast-global-color-4)","background-image":"","background-repeat":"repeat","background-position":"center center","background-size":"auto","background-attachment":"scroll","background-type":"","background-media":"","overlay-type":"","overlay-color":"","overlay-opacity":"","overlay-gradient":""},"mobile":{"background-color":"var(--ast-global-color-4)","background-image":"","background-repeat":"repeat","background-position":"center center","background-size":"auto","background-attachment":"scroll","background-type":"","background-media":"","overlay-type":"","overlay-color":"","overlay-opacity":"","overlay-gradient":""}},"footnotes":""},"class_list":["post-36","page","type-page","status-publish","hentry"],"_links":{"self":[{"href":"https:\/\/www.karvalan.com\/index.php?rest_route=\/wp\/v2\/pages\/36","targetHints":{"allow":["GET"]}}],"collection":[{"href":"https:\/\/www.karvalan.com\/index.php?rest_route=\/wp\/v2\/pages"}],"about":[{"href":"https:\/\/www.karvalan.com\/index.php?rest_route=\/wp\/v2\/types\/page"}],"author":[{"embeddable":true,"href":"https:\/\/www.karvalan.com\/index.php?rest_route=\/wp\/v2\/users\/1"}],"replies":[{"embeddable":true,"href":"https:\/\/www.karvalan.com\/index.php?rest_route=%2Fwp%2Fv2%2Fcomments&post=36"}],"version-history":[{"count":22,"href":"https:\/\/www.karvalan.com\/index.php?rest_route=\/wp\/v2\/pages\/36\/revisions"}],"predecessor-version":[{"id":282,"href":"https:\/\/www.karvalan.com\/index.php?rest_route=\/wp\/v2\/pages\/36\/revisions\/282"}],"wp:attachment":[{"href":"https:\/\/www.karvalan.com\/index.php?rest_route=%2Fwp%2Fv2%2Fmedia&parent=36"}],"curies":[{"name":"wp","href":"https:\/\/api.w.org\/{rel}","templated":true}]}}